on factor of 8 and d.
2
Suppose 41*o = 30*o + 2783. What is the greatest common factor of o and 46?
23
Let r be (2/3)/((-3)/(-99)). Suppose 2*b + 44 = -2*v, -2*b = -0*b + 3*v + 48. Let c = b + r. Calculate the highest common divisor of c and 24.
4
Let d(l) = -48*l - 66. Let o be d(-4). Calculate the greatest common divisor of o and 35.
7
Let i = 50 - 42. Calculate the highest common factor of 344 and i.
8
Suppose -3*h + 2*h = 0, 5*y = -3*h + 40. Let l = 4 + -5. Let v(j) = -15*j**3 + 1. Let q be v(l). What is the greatest common divisor of y and q?
8
Suppose 13*c - 50 = -5*g + 8*c, 0 = -3*g - c + 26. What is the highest common divisor of 52 and g?
4
Suppose 1 = -b - 3*m, -2*b + m - 3*m + 18 = 0. What is the highest common divisor of 287 and b?
7
Let p(b) = -b**3 + 8*b**2 - 9*b + 5. Let v be p(6). Let n = -7 + v. Calculate the highest common factor of 24 and n.
8
Let w = -241 - -250. What is the highest common divisor of w and 1?
1
Suppose -25*j - 2*p = -22*j - 104, 5*j = 5*p + 190. Calculate the highest common divisor of 306 and j.
18
Suppose 3*v - i + 266 = 8*v, 2*i = 5*v - 278. Let r be 38*(1 + (-10)/4). Let b = -39 - r. What is the greatest common divisor of v and b?
18
Suppose 0 = -4*h - 12 + 44. Suppose 5*s = 28 + 292. What is the greatest common factor of h and s?
8
Suppose 247 = 6*y + 97. Calculate the greatest common divisor of 10 and y.
5
Let p = 2007 - 1976. What is the greatest common divisor of p and 341?
31
Let r = -13 - -3. Let y = r - -28. What is the greatest common factor of y and 162?
18
Let o be 2/4 + (-56)/16. Let d be -4 - (3 + o - 2). Let a be d*((-58)/4 - -3). What is the highest common factor of a and 92?
23
Let v be ((-9)/(-6))/(-6 + (-255)/(-40)). Calculate the highest common factor of v and 36.
4
Suppose -75 = -8*i + 3*i. Let h be (3 - 35/i)*138/4. What is the highest common factor of h and 253?
23
Let p(i) = -15*i**2 - 3*i + 13. Let r(w) = -5*w**2 - w + 4. Let q(m) = 2*p(m) - 7*r(m). Let t be q(2). Calculate the highest common factor of 60 and t.
20
Suppose 5*y + 2*n - 38 = 0, 3*y - 19 = y + 3*n. Let s = y + 22. What is the highest common factor of s and 60?
30
Let s = -102 + 50. Let w = 78 + s. What is the highest common divisor of 208 and w?
26
Let l(a) = 44*a - 471. Let d be l(33). Calculate the highest common divisor of 218 and d.
109
Let f be (-22)/(-77) + (-3)/(63/(-6042)). Suppose 7*a = -2*a + f. Let k be (2 + 30)*(2 - -5). Calculate the highest common divisor of k and a.
32
Let m = -321 + 517. Calculate the highest common divisor of m and 12.
4
Suppose 3360 = 28*h + 32*h. Suppose -12 + 54 = n. Calculate the greatest common factor of n and h.
14
Suppose 0 = -d - 8 + 20. Let o = d + 40. Calculate the highest common factor of o and 13.
13
Suppose -25 = -w - 0*w + 3*x, 5*w = 3*x + 77. Let l = 11 - w. Let t be 15/l*6/(-5). What is the highest common divisor of 3 and t?
3
Let l be -2*(-3 + (-14)/(-4)). Let z be (148*l)/(-4) - 2. Suppose -7*p = p - 56. What is the greatest common divisor of p and z?
7
Let c(b) = -2*b**3 + 11*b**2 - 2*b - 1. Let f be c(5). What is the greatest common factor of f and 2?
2
Let j = -1744 + 3214. Calculate the greatest common factor of j and 70.
70
Let y(m) = 10*m + 69. Let i be y(3). Calculate the highest common factor of 11 and i.
11
Let u = -45 + 60. Let t = 10 - 11. Let r = 7 + t. Calculate the highest common factor of r and u.
3
Let o = 262 + -256. What is the highest common divisor of o and 51?
3
Let w(j) be the second derivative of -3*j + 0 - 7*j**2 + 4/3*j**3. Let y be w(7). What is the greatest common factor of 6 and y?
6
Let g = 116 - -604. Calculate the highest common factor of g and 45.
45
Let t be (0 - 2/(-4))*-62. Let b = t - -39. Calculate the greatest common divisor of b and 8.
8
Suppose -3*o = -5*h + 1588, -10 = -3*o + 2. Calculate the highest common divisor of 128 and h.
64
Let n = 129 - -6. Suppose 23 = -4*f + n. What is the greatest common divisor of 70 and f?
14
Suppose 0 = -2*t - t - 4*p + 1229, p = 4*t - 1626. What is the greatest common factor of t and 74?
37
Suppose 7*k + 34*k = 11152. What is the greatest common divisor of 102 and k?
34
Suppose 0 = -r + 29 + 27. Suppose 3*p - r = -41. Calculate the greatest common divisor of 10 and p.
5
Let f = 362 - 206. Suppose 5*y - f = -y. Calculate the greatest common divisor of 208 and y.
26
Let s be 2187/15*(8 - 3). Calculate the greatest common factor of s and 162.
81
Let c = 17 - 23. Let t be (0 + 49)*(7 + c). Let o = 134 - t. What is the greatest common factor of o and 17?
17
Suppose 4*y = 425 + 471. Suppose -2*r = h + 25 - 55, 3*r + 53 = 2*h. Calculate the greatest common divisor of h and y.
28
Let l be -43 + 1274 + 2 + (-1 - -3). What is the greatest common divisor of l and 190?
95
Let o = 1031 + -983. Calculate the highest common factor of o and 216.
24
Let u(m) = -72*m - 1. Let h(g) = 36*g + 1. Let o(n) = -5*h(n) - 3*u(n). Let x be o(2). What is the greatest common divisor of 28 and x?
14
Suppose 2*t = 3*u - 8, -u - 4*t + 38 = 2*u. Let l = -505 - -43. Let c be 2 + l/(-10) - 6/30. Calculate the greatest common factor of u and c.
6
Suppose 61 = 4*o - 191. What is the greatest common factor of o and 27?
9
Let t be -5 + (-7)/(14/(-12)). Let z = -4 - -11. Calculate the greatest common divisor of z and t.
1
Suppose 2 = u + n + 1, 2 = 2*n. Suppose 3*f - f - 34 = u. What is the greatest common factor of f and 187?
17
Suppose 2*z - 5*o - 463 = 28, -z - 2*o = -268. What is the highest common divisor of 6 and z?
6
Let f = -680 + 830. Calculate the greatest common factor of 50 and f.
50
Suppose -11*o + 840 = -5*o. Let l be (-42)/(-28)*o/3. What is the highest common factor of 7 and l?
7
Let f = -47 - -75. Calculate the greatest common divisor of f and 36.
4
Let r be -2 - (-5 + -2 + 4). Suppose -4*f + 0*f + 3*j - r = 0, -2*j = 3*f - 12. Calculate the greatest common divisor of f and 8.
2
Suppose -2*v + 2179 = -13193. Let a be (-4)/10 - v/(-90). Calculate the highest common factor of a and 34.
17
Let p be 2/1*3/2. Suppose 7*x = p*x + 40. What is the greatest common divisor of 30 and x?
10
Suppose -30 - 1 = -2*b - p, -4*b + 5*p + 27 = 0. Let j = 15 - b. Let f be j/((-40)/(-84))*5. Calculate the greatest common divisor of f and 231.
21
Let q = 12 - 0. What is the greatest common factor of 324 and q?
12
Let v be -1*(-11 + (-3 - -2)). Suppose x + 2*n = v, 0 = n - 8 + 4. Let g = 42 - 22. What is the highest common divisor of x and g?
4
Suppose -127*d = -120*d - 259. Calculate the greatest common divisor of 592 and d.
37
Let n(a) = a**3 - 10*a**2 - 22*a - 6. Suppose 48 = 3*p + p. Let l be n(p). What is the greatest common factor of 12 and l?
6
Suppose -p = 5 - 51. Let j be 16/(-72) + (-146)/(-9). Let m = p - j. Calculate the greatest common divisor of m and 15.
15
Let l = -1292 + 1957. Calculate the greatest common factor of l and 35.
35
Let t(l) = -5*l + 21. Let x be t(-1). What is the greatest common factor of x and 13?
13
Let b(p) = -14*p**2 + 4*p - 5. Let g be b(7). Let h = -322 - g. Let i be (-1)/(-5) - (-770)/25. What is the greatest common factor of i and h?
31
Suppose -2*m + 36 = -0*m. Let p(w) = -w**3 + 19*w**2 - 15*w - 22. Let r be p(m). What is the greatest common factor of r and 8?
8
Let r = -238 - -406. What is the highest common factor of 42 and r?
42
Suppose 380 = n + 4*n - 5*p, 388 = 5*n - p. Let z = n - 68. Suppose -4*a - m + 317 = 2*m, 3*m + 3 = 0. What is the greatest common factor of z and a?
10
Let m = 208 - 26. Calculate the highest common divisor of 42 and m.
14
Suppose 0 = -2*a + 5*n - 6*n + 3836, -4*n = -a + 1936. What is the greatest common divisor of 15 and a?
15
Let d(b) = 4*b**3 + 3*b**2 - 5*b + 3. Let u be d(1). Suppose n + 29 = -z + 97, -u*z = -n + 38. What is the highest common divisor of 21 and n?
21
Let v(u) = -u + 11. Let o be v(3). Let a be (o*1)/((-8)/(-8)). What is the greatest common factor of 88 and a?
8
Suppose 80 = -0*u + 4*u. Let w = u - 28. Let k be -24*(w/(-6) - 2). Calculate the highest common factor of k and 16.
16
Let a(s) = -6*s - 53. Let k be a(-12). Calculate the greatest common divisor of 304 and k.
19
Suppose -5*s + 29 = 3*p, 0 = -s + 5*p - 11. Suppose 9*m - 30 = s*m. Suppose -280 = -m*k + k. Calculate the highest common divisor of k and 14.
14
Suppose -11*n - 34 - 384 = 0. Let